is -12 + -101122121?
-101122210
In base 16, what is 0 + -77d0?
-77d0
In base 2, what is -1010111 - 110101000?
-111111111
In base 14, what is -218ba + 3?
-218b7
In base 2, what is 11110011011100 + -11011?
11110011000001
In base 7, what is -4 - -31666?
31662
In base 3, what is 22 + 12112002?
12112101
In base 3, what is 12021 + -21212000?
-21122202
In base 12, what is 311482 + 2?
311484
In base 11, what is 618 - 20?
5a8
In base 15, what is -1 + -b8d?
-b8e
In base 4, what is -302100003 + -3?
-302100012
In base 5, what is 343 - 110?
233
In base 7, what is 2231301 + -6?
2231262
In base 7, what is 366 - -2515?
3214
In base 8, what is -305 + -5572?
-6077
In base 13, what is -6326 + 5?
-6321
In base 15, what is 2b9d + 3b?
2bd9
In base 6, what is -41 + 4030?
3545
In base 2, what is 10 - 1110100001110101?
-1110100001110011
In base 10, what is 50 - 5421?
-5371
In base 4, what is -333 + -3332?
-10331
In base 9, what is -4 - -470086?
470082
In base 4, what is 20 - -3131?
3211
In base 6, what is -503305 - -2?
-503303
In base 16, what is -2d34 - 0?
-2d34
In base 8, what is -1 - 144437?
-144440
In base 15, what is 238 - -3dc?
625
In base 11, what is -8 - 2a73?
-2a80
In base 3, what is 101022221 + -122?
101022022
In base 11, what is -1433a - 18?
-14357
In base 10, what is -6484 - 0?
-6484
In base 5, what is -2222 + 11121?
3344
In base 5, what is 101440 + -343?
101042
In base 6, what is 525 - -45?
1014
In base 12, what is 2103 - 17?
20a8
In base 14, what is -558aa - 0?
-558aa
In base 7, what is 146366 + 12?
146411
In base 3, what is 101220 + 10122100?
11001020
In base 7, what is -36404564 + 0?
-36404564
In base 16, what is -1 + 44bb?
44ba
In base 7, what is 13 - 143342?
-143326
In base 7, what is -403 + 543?
140
In base 16, what is 17e530 - 3?
17e52d
In base 4, what is 13320 - -130310?
210230
In base 3, what is 1120 - -202220?
211110
In base 2, what is 101101 + -11011111100?
-11011001111
In base 5, what is -1232 - -1332?
100
In base 5, what is 0 - -142211?
142211
In base 8, what is -5 - 23375?
-23402
In base 4, what is -2313101 + -2022?
-2321123
In base 5, what is -3 + 240042?
240034
In base 12, what is 2657 + -7?
2650
In base 9, what is -24438 + -178?
-24627
In base 12, what is -8937 + -2?
-8939
In base 7, what is 3466 + -2?
3464
In base 12, what is 5 - 1586?
-1581
In base 3, what is 11121200 + 1100101?
12222001
In base 3, what is -2 - -20111012002?
20111012000
In base 16, what is -2 + -299?
-29b
In base 3, what is 10022022 + -1021?
10021001
In base 14, what is 4829b - -3?
482a0
In base 3, what is -11 - -102202222110?
102202222022
In base 9, what is 27 - -68?
106
In base 12, what is -365437 - -1?
-365436
In base 13, what is -1 + -108051?
-108052
In base 14, what is -137b1 - 4?
-137b5
In base 13, what is -8 + 1036c5?
1036ba
In base 6, what is -5 + 145522?
145513
In base 9, what is 128410 - -3?
128413
In base 10, what is -3877 + 176?
-3701
In base 3, what is 200 - -10200111?
10201011
In base 5, what is -202 - -1333011?
1332304
In base 5, what is -2 - 14100421?
-14100423
In base 9, what is -1 - -2667?
2666
In base 7, what is -6 - -10360301?
10360262
In base 3, what is -11120222 + 2?
-11120220
In base 3, what is -1 + -120222002?
-120222010
In base 5, what is -110234 + -1031?
-111320
In base 6, what is 0 - -105121?
105121
In base 8, what is 10 + 314516?
314526
In base 14, what is 1427 - -66?
148d
In base 3, what is 11 - -200110021?
200110102
In base 3, what is 12210 - -1012121?
1102101
In base 10, what is -176 + -44?
-220
In base 12, what is -217a83 - 1?
-217a84
In base 16, what is -576 + 3a?
-53c
In base 8, what is -1037 - -263?
-554
In base 6, what is 12000035 + 1?
12000040
In base 10, what is -605057 - -6?
-605051
In base 12, what is -12 + 2ab?
299
In base 11, what is 31a55 + -2?
31a53
In base 6, what is -4443451 - -1?
-4443450
In base 8, what is -305173 - 2?
-305175
In base 7, what is -552 - 1620?
-2502
In base 9, what is -6 - -154424?
154417
In base 16, what is -138e27 + -1?
-138e28
In base 13, what is -2ca6 - 49?
-3022
In base 15, what is -30 - -137?
107
In base 2, what is -101000111101 + -1111000?
-101010110101
In base 16, what is 0 - -129b8?
129b8
In base 8, what is 0 - 1161053?
-1161053
In base 9, what is -88332 - -3?
-88328
In base 3, what is 12 - -10222221110?
10222221122
In base 8, what is 3271 + 24?
3315
In base 9, what is 475 + 8473?
10058
In base 4, what is -132202 + 1133?
-131003
In base 16, what is -217 - 2a3b?
-2c52
In base 12, what is -16 + 19a0?
1986
In base 9, what is -3 - -100065?
100062
In base 6, what is 1032430 - -51?
1032521
In base 11, what is 100509 + -4?
100505
In base 8, what is -214 + -12003?
-12217
In base 2, what is 111101 - -1101011?
10101000
In base 12, what is 2 - -7369?
736b
In base 12, what is 1218 - a?
120a
In base 9, what is 13653 - -366?
14130
In base 10, what is -1273636 - 2?
-1273638
In base 13, what is 36 - -128c?
12c5
In base 4, what is 1201 + -10012?
-2211
In base 9, what is 2481282 + -2?
2481280
In base 5, what is -24 - -330413?
330334
In base 6, what is 12440545 - 0?
12440545
In base 6, what is -1121 - 3430?
-4551
In base 7, what is 132 - -606111?
606243
In base 15, what is -15e - -813?
6a4
In base 16, what is -25c - -a1?
-1bb
In base 15, what is -1 - -8d2c?
8d2b
In base 13, what is -16 + -5181?
-5197
In base 7, what is 22 - 4200?
-4145
In base 10, what is -687325 - 0?
-687325
In base 2, what is -1011 + -100101010100011000?
-100101010100100011
In base 2, what is -101000 - 1010000101001?
-1010001010001
In base 14, what is 6048 - 2?
6046
In base 13, what is -3c451 - -5?
-3c449
In base 3, what is -2011 + -1000102?
-1002120
In base 6, what is -4140003 - 0?
-4140003
In base 16, what is -bd - -5?
-b8
In base 6, what is 1 + 4311?
4312
In base 12, what is 10 + -a381?
-a371
In base 15, what is 37 - -519?
551
In base 8, what is -12156 - 1?
-12157
In base 16, what is 1dae9 + -e?
1dadb
In base 2, what is -1010 - 11100101?
-11101111
In base 9, what is 7 + 113383?
113401
In base 10, what is -24 + 173?
149
In base 7, what is 10 + 1030641?
1030651
In base 7, what is 6 - -2256?
2265
In base 8, what is -577134 + 27?
-577105
In base 8, what is 431 + 6?
437
In base 7, what is -233255 + 4?
-233251
In base 8, what is -477 + 706?
207
In base 2, what is 1011 - -1100101000101?
1100101010000
In base 11, what is -1118 - 577?
-1694
In base 12, what is 2 - 222b22?
-222b20
In base 14, what is 20b4 + 9a?
2170
In base 16, what is 5e + -76?
-18
In base 15, what is 0 + -a93?
-a93
In base 10, what is 17 - 64044?
-64027
In base 10, what is 27 + 73?
100
In base 3, what is 1020 + -101121122?
-101120102
In base 2, what is 10000001100 + 1000110111?
11001000011
In base 12, what is -13 - 28a14?
-28a27
In base 8, what is 12252 + 6?
12260
In base 16, what is 175dd + 1?
175de
In base 11, what is -10a - 166a?
-1779
In base 11, what is -365271 - 1?
-365272
In base 10, what is -335 + -272?
-607
In base 7, what is 5 + -3031062?
-3031054
In base 3, what is 12122102 - 122?
12121210
In base 13, what is 18a + -224?
-67
In base 6, what is 34 + -445342?
-445304
In base 12, what is -39 - 15?
-52
In base 6, what is 3302 - 220?
3042
In base 9, what is -38822 + -65?
-38887
In base 8, what is -4 + 26536?
26532
In base 2, what is -10000000010 - 100101110010?
-110101110100
In base 4, what is -21 - -3213203?
3213122
In base 12, what is 9347 - 289?
907a
In base 4, what is 21312 + 11?
21323
In base 4, what is -22 + 20223?
20201
In base 9, what is -5 - 2633567?
-2633573
In base 3, what is 1012121 + 20002212?
21022110
In base 14, what is -49d8c - -2?
-49d8a
In base 6, what is -1030 - 4042?
-5112
In base 14, what is 1c + -6154?
-6136
In base 5, what is -1340 - -4204?
2314
In base 14, what is 48 + 52?
9a
In base 7, what is 21 - -626?
650
In base 10, what is 253 + 720?
973
In base 6, what is 54120 - 34?
54042
In base 5, what is -130 + 4104244?
4104114
In base 8, what is 4152 - -46?
4220
In base 16, what is -148e3 + -7?
-148ea
In base 5, what is -1404430 - -31?
-1404344
In base 13, what is -2 + -10624?
-10626
In base 14, what is 37 - 96d?
-936
In base 4, what is -210 - -310332?
310122
In base 7, what is -255140 + 0?
-255140
In base 3, what is -2102 + 11102?
2000
In base 4, what is 113222003210 - -2?
113222003212
In base 6, what is 3 - -13351524?
13351531
In base 9, what is -24453 + 5